3*z - 4*c = -92, 0 = -q*z - 0*c - 5*c + 150. Suppose -3*t + 122 = 5*o, -t + o + 10 = -z. What is the tens digit of t?
3
Let h(r) = r**2 + 2*r - 8. Let f be h(-5). Suppose -p - 31 = z, 2*p + 118 = -f*z + 3*z. Let u = z + 60. What is the units digit of u?
2
Suppose -3*r - 1 = -p, 0*r = -2*r - 4*p + 4. Let o be 3 + 1 - r - 0. Suppose 5*d - 3*x - 94 = 0, -2*x + 85 - 1 = o*d. What is the units digit of d?
0
Suppose 5606 = 16*c - 3786. Suppose 2*z - 5*b - 342 = 0, -5*b = 5*z - 303 - c. What is the tens digit of z?
7
Suppose -104115 = -65*w + 10*w. What is the units digit of w?
3
Suppose -26*t + 25*t + 277 = 0. What is the tens digit of t?
7
Suppose -4*n + 4*a + 14016 = 0, -5*n + 72*a - 75*a = -17480. What is the units digit of n?
9
Suppose 1568 + 184 = q. Suppose 0 = 9*r - r - q. What is the units digit of r?
9
Suppose 12 = m + 3*m. Let h be 12/(12/3)*(-1)/(-1). Suppose 2*w - 48 = -2*r, -27 = -w - m*r + h. What is the tens digit of w?
2
Let k(w) = 681*w**2 + 35*w - 66. What is the tens digit of k(2)?
2
Let r = 65 - 50. Let v(o) = o**3 + 2*o**2 - 1. Let q be v(-1). Let s = r - q. What is the tens digit of s?
1
Let x be 2*27*(-17)/(-51). Suppose x = l - 6*p + 2*p, 2*l = -3*p - 8. What is the tens digit of l - 1/(-1) - -23?
2
Let i(z) = 337*z**3 + 4*z**2 + z. What is the thousands digit of i(2)?
2
What is the tens digit of (26 - 5)*18 + 3 + -7?
7
Let p be (2 - 4/3)*9. Let x be p/12 - (-2)/(-4). What is the units digit of (x - 27)*(-6 - -5)?
7
Suppose 0*a - a + 3*u = -3, 7 = -a - 2*u. Let y be (4 + 0)/(-4 - a). What is the units digit of (-184)/y - (-4 - 0)?
0
What is the units digit of (935/68)/((-20)/(-1376))?
6
Suppose -4*a - 2*y = -896, y = -5*a + 673 + 450. What is the hundreds digit of a?
2
Let j = 7 + -5. Let p be j/(-15) - (-728)/60. Suppose -10*r + p*r - 66 = 0. What is the tens digit of r?
3
Let m(n) = -n**2 + 19*n + 1. Let t(i) = i**2 - 20*i - 2. Let y(z) = -2*m(z) - 3*t(z). What is the units digit of y(19)?
1
Suppose 8 + 5 = -2*h + 3*o, 19 = -2*h + o. Let m(n) = n**3 + 7*n**2 + 4*n + 2. Let c be m(-3). Let s = c + h. What is the tens digit of s?
1
Let w(d) = 3588*d**2 - 33*d - 33. What is the thousands digit of w(-1)?
3
Let q = 653 - 229. What is the hundreds digit of q?
4
Suppose -45*h - 5*z = -44*h + 2, 2*h - 10 = 4*z. Let o(a) = -3*a + 8*a**2 + 5 + 3 - a. What is the tens digit of o(h)?
6
Suppose 0 = w + 7*w - 32. What is the tens digit of (w - 5)*-86 - 1?
8
Let q = 322 - -108. What is the tens digit of 6/(-4)*q/(-15)?
4
What is the tens digit of -4 + (-2 - (-328 - (-3 + -2)))?
1
What is the thousands digit of 4006 + 8*(-7)/(-28) + 6?
4
Suppose -52*l + 100375 + 28897 = 0. What is the units digit of l?
6
Let k = 30 + -26. Suppose 0*i + k*i = -2*d + 62, 82 = 2*d - i. What is the units digit of d?
9
Suppose 9*c - 3*c = 18. Suppose 0 = 3*i - c, -5*s = -8*i + 3*i - 300. What is the tens digit of s?
6
Let u(v) be the third derivative of 2*v**4/3 - v**3/2 - 4*v**2. Let c be u(3). Suppose -2*k - 5*f + c = 0, -2*f - 6 - 48 = -4*k. What is the units digit of k?
5
Let l = 17 - 14. Let f(y) = -y**3 + 5*y**2 - 3*y - 7. Let i be f(l). Suppose -h + b + 26 = 0, h - i*b = -0*h + 27. What is the units digit of h?
5
What is the hundreds digit of (729/(-162))/(6/(-1084))?
8
Suppose 0 = -k + 2*k - 4. Let g = 22 - 20. Suppose 8*a - 63 = 3*a - g*s, -56 = -4*a + k*s. What is the tens digit of a?
1
Suppose -79 = 4*h - 3*h. Let w = 49 + h. What is the units digit of (2/(-3))/(5/w)?
4
Let i be -3 - -2 - 86*1. Let y = -45 - i. Suppose -3*k + 3*a + 33 = -69, y = k + 3*a. What is the tens digit of k?
3
Let t(a) be the first derivative of -a**2/2 + 9*a + 3. Let x be t(7). Suppose x*d - 10 = 22. What is the units digit of d?
6
Suppose 0 = -4*n - 3*p + 8832, -4*n + 3430 = -2*p - 5422. What is the units digit of n?
1
Suppose -3*i + 68 - 23 = 0. Let h(x) = -x**3 - 3*x**2 + 6*x + 1. Let c be h(-4). Let g = i - c. What is the tens digit of g?
2
Let c be (3/(-2) - -4)*12/5. Suppose 17 = c*q - 5*q. What is the units digit of q?
7
Let c = -545 + 771. Let i = c - 40. What is the hundreds digit of i?
1
Let y be (4/6)/(10/45). Suppose y*z - 2*v = 162, 0 = 6*v - 3*v - 9. What is the tens digit of z?
5
Let n(g) = 4*g - 1. Let p be n(-1). Let f = -11 - p. What is the units digit of ((-284)/(-12))/((-2)/f)?
1
Suppose -3*g + 9 = 0, 11*c = 16*c - 2*g - 4014. What is the tens digit of c?
0
Let f be (-105)/5*(-2)/(-3). Let g = 21 - f. What is the units digit of g?
5
Let q be 5*1/(3 - 2). Suppose 3*h - q - 1 = 0. Suppose h*c - 2 - 16 = 0. What is the units digit of c?
9
Let f be (-4)/18 + (-29)/(-9). Let i(w) = w**3 + 3*w**2 + 2*w + 2. Let m(h) = h**2 + h + 1. Let a(v) = -i(v) + 5*m(v). What is the units digit of a(f)?
3
Let z(t) = 46*t**2 + 2*t + 5. Let i be z(3). Suppose -11*l = -6*l - i. What is the tens digit of l?
8
Let d = 99 - 47. Suppose 4*z = 4 - d. Let h = 18 + z. What is the units digit of h?
6
Let d = 238 + -118. Let q = d - 20. What is the units digit of q?
0
Let c = 8542 - 2478. What is the hundreds digit of c?
0
Suppose -5*u - 7*b = -5*b - 1333, -1072 = -4*u + 4*b. Let m = u - 110. What is the hundreds digit of m?
1
Suppose n + 9 = 3*f + f, 3*n = -3*f + 18. Suppose -2*d = d - 2*z - 112, 4*d - 172 = -f*z. What is the units digit of d?
0
Let k = -12 + 24. Suppose 3*a - k = 0, -5*i + 576 = 5*a + 196. What is the units digit of i?
2
Suppose -54*c + 25563 = -22875. What is the tens digit of c?
9
Let b(t) = -t**2 - 10*t - 3. Suppose 4*n - 3*q = -4*q - 39, 0 = 5*n - q + 42. Let x be b(n). What is the units digit of (2/(-3))/(x/(-27))?
3
Let u = -14 + 9. Let d be 5*1/u*3. Let m(t) = -4*t**3 - 4*t**2 + t. What is the tens digit of m(d)?
6
Suppose -5*h - 32580 = -14*h. What is the tens digit of h/55 + (-8)/(-44)?
6
Let u(j) = 14*j + 93. What is the tens digit of u(11)?
4
Suppose -50 + 280 = 2*i. Suppose s = i + 70. What is the units digit of s?
5
Let a(f) = f**2 - 5. Let n be a(3). Suppose 0*m + 216 = n*m. What is the tens digit of m?
5
Let j be 2/(5/(-15) + 1 + 0). What is the units digit of ((27/6)/j)/(3/88)?
4
Let l(j) = -3*j - 14. Let z be l(-7). Let y(c) = -c**2 + 15*c - 12. What is the tens digit of y(z)?
4
Suppose 2*l - 4*w - 760 = -0*l, -4*l - w = -1529. What is the hundreds digit of l?
3
Let i = -2564 - -3811. What is the hundreds digit of i?
2
Suppose w - 100 = -4*p + 188, -3*w + 2*p + 906 = 0. What is the hundreds digit of w?
3
Suppose z + r + 323 = 2261, 2*r + 7722 = 4*z. What is the tens digit of z?
3
Suppose 4*o - 9*o = -60. Suppose 3*m = -m + o. What is the units digit of m?
3
Suppose -20*y + 3519 = -11*y. Suppose 2*n = y + 139. What is the hundreds digit of n?
2
Let v(s) = 6 - 4 - s**2 + 7. Let u be (-1)/2 - (-16)/32. What is the units digit of v(u)?
9
Let p be 1 - (0 + 2 + -2). Suppose 2*h - b = 23, -5*h + 3*b = -0*h - 56. Let a = h - p. What is the units digit of a?
2
Let m(k) = 2*k**3 - 35*k**2 + 23*k - 56. What is the units digit of m(17)?
6
Let r = -1935 + 3359. What is the tens digit of r?
2
Suppose 11*n - 21210 - 23406 = 0. What is the units digit of n?
6
Suppose 2*d + 3*a - 65 = 0, -2*d + 37 = a - 38. Let x(v) = -2*v**2 - 41*v - 5. Let g be x(-20). Suppose -g = w - d. What is the units digit of w?
5
Let o = 962 - 506. What is the hundreds digit of o?
4
Let x = 1457 + -787. Suppose d - 2 = 0, v - 5*v + x = -3*d. What is the hundreds digit of v?
1
Let o(g) = g**3 + 11*g**2 + 2. Let k be o(-11). Let f(w) = 9*w**2 + w**3 + 1 + 5 - k + 5*w + 3*w. What is the units digit of f(-8)?
4
Suppose 3*l - 4*p = -3*p + 611, 2*p = l - 207. What is the units digit of l?
3
Let v = 411 + -120. What is the hundreds digit of v?
2
Let w = 1558 + -292. What is the hundreds digit of w?
2
Let y(r) = -3*r + 11. Let i(h) = 2*h**2 - 33*h - 14. Let z be i(17). What is the units digit of y(z)?
2
Suppose 0 = -3*s + 226 + 38. What is the tens digit of (s/(-10))/(3/(270/(-12)))?
6
Suppose 0*v - 2*v - 6 = 0. Let q(p) = 4*p**2 + 4. Let b be q(v). Suppose 0 = -c - 3*c + b. What is the units digit of c?
0
Suppose -3*v - 45 = 471. Let b = v + 416. What is the hundreds digit of b?
2
Let f(r) = -2. Let a(j) = j. Let n(x) = -a(x) + f(x). Let u be n(-6). Suppose 0 = u*z - 47 - 21. What is the tens digit of z?
1
Suppose 5*c + 1103 = 5*t - 587, -t = 3*c - 322. Suppose 0*j - 2*l - t = -3*j, 103 = j + 